{"id":5672726,"date":"2025-10-19T15:06:04","date_gmt":"2025-10-19T15:06:04","guid":{"rendered":"https:\/\/www.amiciterzomondo.com\/?page_id=5672726"},"modified":"2025-10-28T11:04:53","modified_gmt":"2025-10-28T11:04:53","slug":"calendario-della-solidarieta-2026","status":"publish","type":"page","link":"https:\/\/www.amiciterzomondo.com\/index.php\/calendario-della-solidarieta-2026\/","title":{"rendered":"Calendario della Solidariet\u00e0 2026"},"content":{"rendered":"<section class=\"wpb-content-wrapper\">[vc_row][vc_column]<div class=\"norebro-heading-sc heading text-left\"\n\tid=\"norebro-custom-69f7450131dd6\" \n\t \n\t>\n\t\n\t\n\t\n\t<h3 class=\"title\">\n\t\tCalendario della Solidariet\u00e0 2026\t<\/h3>\n\n\t\n\t\t\t<p class=\"subtitle\">\n\t\t\t\t\t<\/p>\n\t\t\n<\/div>[vc_empty_space height=&#8221;60px&#8221;][\/vc_column][\/vc_row][vc_row][vc_column width=&#8221;1\/4&#8243;][vc_empty_space height=&#8221;10px&#8221;][vc_single_image image=&#8221;5672727&#8243; img_size=&#8221;full&#8221; onclick=&#8221;custom_link&#8221; link=&#8221;\/wp-content\/uploads\/sites\/7\/2025\/10\/Calendario2026.pdf&#8221;][vc_empty_space height=&#8221;10px&#8221;]<div class=\"norebro-button-sc btn-wrap text-center\" \n\tid=\"norebro-custom-69f7450131ebe\"\n\t \n\t>\n\n\t<a href=\"\/wp-content\/uploads\/sites\/7\/2025\/10\/Calendario2026.pdf\" \n\t\tclass=\"btn  btn-link btn-large\">\n\n\t\t\n\t\t<span class=\"text\">\n\t\t\tCalendario PDF | Clicca qui\t\t<\/span>\n\n\t\t\n\t\t\t\t\t<span class=\"icon-arrow ion-ios-arrow-thin-right\"><\/span>\n\t\t\t<\/a>\n\n<\/div>[\/vc_column][vc_column width=&#8221;3\/4&#8243;][vc_column_text]Cari amici,<\/p>\n<p>Nel 2025 avete donato insieme oltre CHF 75\u2019000. Un sentito ringraziamento per il vostro grande sostegno! Il rendiconto annuale e una panoramica di quali progetti hanno ricevuto un contributo si trovano alla fine di questo calendario. La nostra associazione Amici del Terzo Mondo \u00e8 riconosciuta come ente senza scopo di lucro. Le donazioni a partire da CHF 100 sono deducibili dalle tasse. Grazie al finanziamento esterno della stampa del calendario e delle altre spese, finora siamo stati in grado di trasferire il 100% delle vostre donazioni.<\/p>\n<p>Per la valutazione dei nostri progetti, una delegazione del Consiglio direttivo della nostra associazione ha visitato il Togo e il Benin nell\u2019autunno 2024. Qui siamo venuti in contatto con gli effetti della mancanza di fondi per l\u2019istruzione. Le scuole pubbliche sono deserte perch\u00e9 lo Stato non fornisce i fondi necessari per gli insegnanti. La povert\u00e0 si diffonde sempre di pi\u00f9. Bambini e adolescenti finiscono presto per strada e si procurano in modi diversi il necessario per vivere.<\/p>\n<p>Qui sosteniamo diverse iniziative educative di organizzazioni religiose che conosciamo personalmente e accompagniamo. Alcuni membri del Consiglio direttivo hanno visitato nel 2025 altri progetti in Libano, Mozambico e Camerun. In Libano ci ha particolarmente colpito la grande sofferenza dei rifugiati siriani e palestinesi nei campi.<\/p>\n<p>Il presente calendario di solidariet\u00e0 2026 \u00e8 caratterizzato da una nuova impostazione. Al posto di belle immagini su un tema specifico, ogni mese presentiamo uno dei nostri progetti che sosterremo nell\u2019anno a venire.<\/p>\n<p>\u25cf Scuola agricola professionale (Gizo, Isole Salomone)<br \/>\n\u25cf Adozioni a distanza nelle Filippine (Dagami\/Leyte)<br \/>\n\u25cf Centro per poveri e anziani e borse di studio per giovani (diocesi di Emdibir, Etiopia)<br \/>\n\u25cf Sostegno scolastico (Sap\u00e9, Brasile)<br \/>\n\u25cf Costruzione e sviluppo della scuola tecnica (Bohicon, diocesi di Abomey, Benin)<br \/>\n\u25cf Ristrutturazione della residenza degli istruttori della scuola agricola (diocesi di Abomey, Benin)<br \/>\n\u25cf Due progetti di empowerment in un campo profughi palestinese, uno per giovani e uno per donne (Beirut, Libano)<br \/>\n\u25cf Progetto di formazione per l\u2019inserimento professionale delle ragazze (Kpalim\u00e9, Togo)<br \/>\n\u25cf Costruzione di una scuola primaria (Adjarra, Benin)<br \/>\n\u25cf Progetto intelligente di approvvigionamento e distribuzione dell\u2019acqua in una scuola (Balembo, Camerun)<br \/>\n\u25cf Sviluppo del Centro per orfani, donne bisognose e anziani (diocesi di Beira, Mozambico)<\/p>\n<p>A nome di tutto il Consiglio direttivo dell\u2019Associazione Amici del Terzo Mondo, vi ringraziamo per il vostro generoso sostegno e vi auguriamo un buon, sano e benedetto 2026.<\/p>\n<p>Karl-Anton Wohlwend Presidente dell\u2019Associazione Amici Terzo Mondo[\/vc_column_text][vc_column_text]<strong>Informazioni per effettuare delle donazioni<\/strong><\/p>\n<p>Puoi sostenere i nostri progetti e le nostre attivit\u00e0 con una tua donazione sul conto bancario<\/p>\n<p><strong>IBAN LI90 0880 0565 6348 8200 1<\/strong><br \/>\nLiechtensteinische Landesbank AG<br \/>\n9490 Vaduz &#8211; Liechtenstein[\/vc_column_text][\/vc_column][\/vc_row]\n<\/section>","protected":false},"excerpt":{"rendered":"<p>[vc_row][vc_column][vc_empty_space height=&#8221;60px&#8221;][\/vc_column][\/vc_row][vc_row][vc_column width=&#8221;1\/4&#8243;][vc_empty_space height=&#8221;10px&#8221;][vc_single_image image=&#8221;5672727&#8243; img_size=&#8221;full&#8221; onclick=&#8221;custom_link&#8221; link=&#8221;\/wp-content\/uploads\/sites\/7\/2025\/10\/Calendario2026.pdf&#8221;][vc_empty_space height=&#8221;10px&#8221;][\/vc_column][vc_column width=&#8221;3\/4&#8243;][vc_column_text]Cari amici, Nel 2025 avete&#8230;<\/p>\n","protected":false},"author":1,"featured_media":0,"parent":0,"menu_order":0,"comment_status":"closed","ping_status":"closed","template":"","meta":{"footnotes":""},"class_list":["post-5672726","page","type-page","status-publish","hentry"],"_links":{"self":[{"href":"https:\/\/www.amiciterzomondo.com\/index.php\/wp-json\/wp\/v2\/pages\/5672726","targetHints":{"allow":["GET"]}}],"collection":[{"href":"https:\/\/www.amiciterzomondo.com\/index.php\/wp-json\/wp\/v2\/pages"}],"about":[{"href":"https:\/\/www.amiciterzomondo.com\/index.php\/wp-json\/wp\/v2\/types\/page"}],"author":[{"embeddable":true,"href":"https:\/\/www.amiciterzomondo.com\/index.php\/wp-json\/wp\/v2\/users\/1"}],"replies":[{"embeddable":true,"href":"https:\/\/www.amiciterzomondo.com\/index.php\/wp-json\/wp\/v2\/comments?post=5672726"}],"version-history":[{"count":5,"href":"https:\/\/www.amiciterzomondo.com\/index.php\/wp-json\/wp\/v2\/pages\/5672726\/revisions"}],"predecessor-version":[{"id":5672740,"href":"https:\/\/www.amiciterzomondo.com\/index.php\/wp-json\/wp\/v2\/pages\/5672726\/revisions\/5672740"}],"wp:attachment":[{"href":"https:\/\/www.amiciterzomondo.com\/index.php\/wp-json\/wp\/v2\/media?parent=5672726"}],"curies":[{"name":"wp","href":"https:\/\/api.w.org\/{rel}","templated":true}]}}

Calendario della Solidarietà 2026

<section class="wpb-content-wrapper">[vc_row][vc_column]<div class="norebro-heading-sc heading text-left"
	id="norebro-custom-69f7450131dd6" 
	 
	>
	
	
	
	<h3 class="title">
		Calendario della Solidarietà 2026	</h3>

	
			<p class="subtitle">
					</p>
		
</div>[vc_empty_space height=&#8221;60px&#8221;][/vc_column][/vc_row][vc_row][vc_column width=&#8221;1/4&#8243;][vc_empty_space height=&#8221;10px&#8221;][vc_single_image image=&#8221;5672727&#8243; img_size=&#8221;full&#8221; onclick=&#8221;custom_link&#8221; link=&#8221;/wp-content/uploads/sites/7/2025/10/Calendario2026.pdf&#8221;][vc_empty_space height=&#8221;10px&#8221;]<div class="norebro-button-sc btn-wrap text-center" 
	id="norebro-custom-69f7450131ebe"
	 
	>

	<a href="/wp-content/uploads/sites/7/2025/10/Calendario2026.pdf" 
		class="btn  btn-link btn-large">

		
		<span class="text">
			Calendario PDF | Clicca qui		</span>

		
					<span class="icon-arrow ion-ios-arrow-thin-right"></span>
			</a>

</div>[/vc_column][vc_column width=&#8221;3/4&#8243;][vc_column_text]Cari amici,</p>
<p>Nel 2025 avete donato insieme oltre CHF 75’000. Un sentito ringraziamento per il vostro grande sostegno! Il rendiconto annuale e una panoramica di quali progetti hanno ricevuto un contributo si trovano alla fine di questo calendario. La nostra associazione Amici del Terzo Mondo è riconosciuta come ente senza scopo di lucro. Le donazioni a partire da CHF 100 sono deducibili dalle tasse. Grazie al finanziamento esterno della stampa del calendario e delle altre spese, finora siamo stati in grado di trasferire il 100% delle vostre donazioni.</p>
<p>Per la valutazione dei nostri progetti, una delegazione del Consiglio direttivo della nostra associazione ha visitato il Togo e il Benin nell’autunno 2024. Qui siamo venuti in contatto con gli effetti della mancanza di fondi per l’istruzione. Le scuole pubbliche sono deserte perché lo Stato non fornisce i fondi necessari per gli insegnanti. La povertà si diffonde sempre di più. Bambini e adolescenti finiscono presto per strada e si procurano in modi diversi il necessario per vivere.</p>
<p>Qui sosteniamo diverse iniziative educative di organizzazioni religiose che conosciamo personalmente e accompagniamo. Alcuni membri del Consiglio direttivo hanno visitato nel 2025 altri progetti in Libano, Mozambico e Camerun. In Libano ci ha particolarmente colpito la grande sofferenza dei rifugiati siriani e palestinesi nei campi.</p>
<p>Il presente calendario di solidarietà 2026 è caratterizzato da una nuova impostazione. Al posto di belle immagini su un tema specifico, ogni mese presentiamo uno dei nostri progetti che sosterremo nell’anno a venire.</p>
<p>● Scuola agricola professionale (Gizo, Isole Salomone)<br />
● Adozioni a distanza nelle Filippine (Dagami/Leyte)<br />
● Centro per poveri e anziani e borse di studio per giovani (diocesi di Emdibir, Etiopia)<br />
● Sostegno scolastico (Sapé, Brasile)<br />
● Costruzione e sviluppo della scuola tecnica (Bohicon, diocesi di Abomey, Benin)<br />
● Ristrutturazione della residenza degli istruttori della scuola agricola (diocesi di Abomey, Benin)<br />
● Due progetti di empowerment in un campo profughi palestinese, uno per giovani e uno per donne (Beirut, Libano)<br />
● Progetto di formazione per l’inserimento professionale delle ragazze (Kpalimé, Togo)<br />
● Costruzione di una scuola primaria (Adjarra, Benin)<br />
● Progetto intelligente di approvvigionamento e distribuzione dell’acqua in una scuola (Balembo, Camerun)<br />
● Sviluppo del Centro per orfani, donne bisognose e anziani (diocesi di Beira, Mozambico)</p>
<p>A nome di tutto il Consiglio direttivo dell’Associazione Amici del Terzo Mondo, vi ringraziamo per il vostro generoso sostegno e vi auguriamo un buon, sano e benedetto 2026.</p>
<p>Karl-Anton Wohlwend Presidente dell’Associazione Amici Terzo Mondo[/vc_column_text][vc_column_text]<strong>Informazioni per effettuare delle donazioni</strong></p>
<p>Puoi sostenere i nostri progetti e le nostre attività con una tua donazione sul conto bancario</p>
<p><strong>IBAN LI90 0880 0565 6348 8200 1</strong><br />
Liechtensteinische Landesbank AG<br />
9490 Vaduz &#8211; Liechtenstein[/vc_column_text][/vc_column][/vc_row]
</section>
