{"id":5672697,"date":"2024-11-16T14:59:04","date_gmt":"2024-11-16T14:59:04","guid":{"rendered":"https:\/\/www.amiciterzomondo.com\/?page_id=5672697"},"modified":"2024-11-16T15:00:02","modified_gmt":"2024-11-16T15:00:02","slug":"calendario-della-solidarieta-2025","status":"publish","type":"page","link":"https:\/\/www.amiciterzomondo.com\/index.php\/calendario-della-solidarieta-2025\/","title":{"rendered":"Calendario della Solidariet\u00e0 2025"},"content":{"rendered":"<section class=\"wpb-content-wrapper\">[vc_row][vc_column]<div class=\"norebro-heading-sc heading text-left\"\n\tid=\"norebro-custom-69f7448e5dbd1\" \n\t \n\t>\n\t\n\t\n\t\n\t<h3 class=\"title\">\n\t\tCalendario della Solidariet\u00e0 2025\t<\/h3>\n\n\t\n\t\t\t<p class=\"subtitle\">\n\t\t\t\t\t<\/p>\n\t\t\n<\/div>[vc_empty_space height=&#8221;60px&#8221;][\/vc_column][\/vc_row][vc_row][vc_column width=&#8221;1\/4&#8243;][vc_empty_space height=&#8221;10px&#8221;][vc_single_image image=&#8221;5672700&#8243; img_size=&#8221;full&#8221; onclick=&#8221;custom_link&#8221; link=&#8221;\/wp-content\/uploads\/sites\/7\/2024\/11\/Calendario2025.pdf&#8221;][vc_empty_space height=&#8221;10px&#8221;][vc_single_image image=&#8221;5672699&#8243; img_size=&#8221;full&#8221; onclick=&#8221;custom_link&#8221; link=&#8221;\/wp-content\/uploads\/sites\/7\/2024\/11\/Calendario2025.pdf&#8221;]<div class=\"norebro-button-sc btn-wrap text-center\" \n\tid=\"norebro-custom-69f7448e5dcc2\"\n\t \n\t>\n\n\t<a href=\"\/wp-content\/uploads\/sites\/7\/2024\/11\/Calendario2025.pdf\" \n\t\tclass=\"btn  btn-link btn-large\">\n\n\t\t\n\t\t<span class=\"text\">\n\t\t\tCalendario PDF | Clicca qui\t\t<\/span>\n\n\t\t\n\t\t\t\t\t<span class=\"icon-arrow ion-ios-arrow-thin-right\"><\/span>\n\t\t\t<\/a>\n\n<\/div>[\/vc_column][vc_column width=&#8221;3\/4&#8243;][vc_column_text]Cari amici<\/p>\n<p>nel 2024 avete donato un totale di 45.000 franchi. Grazie a una sovvenzione di 10.000 franchi da parte dell\u2019Ente per lo Sviluppo del Liechtenstein (LED) di un \u201csistema di irrigazione intelligente\u201d a Bafang, in Camerun, abbiamo potuto distribuire 55.000 franchi. Grazie mille per il vostro grande sostegno! \u201cCostruiamo insieme il futuro del mondo\u201d.<\/p>\n<p>Il Calendario della Solidariet\u00e0 2025 \u00e8 un omaggio alle donne. Quando sentiamo notizie di guerre, povert\u00e0, difficolt\u00e0 e miseria, spesso sono le donne e i bambini a essere pi\u00f9 colpiti. Contro ogni previsione, le donne lavorano per un futuro migliore, tengono insieme la societ\u00e0 e permettono ai bambini di sognare un mondo migliore.<\/p>\n<p>Le foto scattate dal nostro membro del direttivo Dan Romeo ai volti di giovani ragazze e donne anziane raccontano la storia delle loro vite.<\/p>\n<p>Come negli anni precedenti, con il Calendario della solidariet\u00e0 2025 raccogliamo donazioni per programmi umanitari per un mondo condiviso. Insieme ai nostri partner locali, sosteniamo progetti che aiutano le popolazioni delle regioni svantaggiate del mondo. La nostra associazione Amici Terzo Mondo \u00e8 oramai riconosciuta come organizzazione benefica.<\/p>\n<p>Le donazioni a partire da 100 franchi svizzeri sono ora deducibili dalle tasse.<br \/>\nIl ricavato della raccolta del calendario 2025 sar\u00e0 destinato ai seguenti programmi:<\/p>\n<ul>\n<li>Programma di adozione per Leyte, Filippine<\/li>\n<li>Ristrutturazione di una mensa per anziani nella diocesi di Beira, Mozambico<\/li>\n<li>Contributo per 170 persone senza fissa dimora assistite in un centro diurno nella diocesi di Emdibir, Etiopia<\/li>\n<li>Sostegno a progetti sociali nella diocesi di Abomey, Benin<\/li>\n<li>Due macine per il villaggio di Batack, Camerun<\/li>\n<li>Sostegno a una scuola privata in Benin<\/li>\n<li>Centro educativo per ragazze in Togo<\/li>\n<\/ul>\n<p>A nome di don Egidio Todeschini, iniziatore dell\u2019Associazione Amici Terzo Mondo e dei miei colleghi del Consiglio direttivo, desidero ringraziarvi per il vostro generoso sostegno e augurarvi un felice e sano 2025.<\/p>\n<p>Karl-Anton Wohlwend Presidente dell\u2019Associazione Amici Terzo Mondo[\/vc_column_text][vc_column_text]<strong>Informazioni per effettuare delle donazioni<\/strong><\/p>\n<p>Puoi sostenere i nostri progetti e le nostre attivit\u00e0 con una tua donazione sul conto bancario<\/p>\n<p><strong>IBAN LI90 0880 0565 6348 8200 1<\/strong><br \/>\nLiechtensteinische Landesbank AG<br \/>\n9490 Vaduz &#8211; Liechtenstein[\/vc_column_text][\/vc_column][\/vc_row]\n<\/section>","protected":false},"excerpt":{"rendered":"<p>[vc_row][vc_column][vc_empty_space height=&#8221;60px&#8221;][\/vc_column][\/vc_row][vc_row][vc_column width=&#8221;1\/4&#8243;][vc_empty_space height=&#8221;10px&#8221;][vc_single_image image=&#8221;5672700&#8243; img_size=&#8221;full&#8221; onclick=&#8221;custom_link&#8221; link=&#8221;\/wp-content\/uploads\/sites\/7\/2024\/11\/Calendario2025.pdf&#8221;][vc_empty_space height=&#8221;10px&#8221;][vc_single_image image=&#8221;5672699&#8243; img_size=&#8221;full&#8221; onclick=&#8221;custom_link&#8221; link=&#8221;\/wp-content\/uploads\/sites\/7\/2024\/11\/Calendario2025.pdf&#8221;][\/vc_column][vc_column width=&#8221;3\/4&#8243;][vc_column_text]Cari&#8230;<\/p>\n","protected":false},"author":1,"featured_media":0,"parent":0,"menu_order":0,"comment_status":"closed","ping_status":"closed","template":"","meta":{"footnotes":""},"class_list":["post-5672697","page","type-page","status-publish","hentry"],"_links":{"self":[{"href":"https:\/\/www.amiciterzomondo.com\/index.php\/wp-json\/wp\/v2\/pages\/5672697","targetHints":{"allow":["GET"]}}],"collection":[{"href":"https:\/\/www.amiciterzomondo.com\/index.php\/wp-json\/wp\/v2\/pages"}],"about":[{"href":"https:\/\/www.amiciterzomondo.com\/index.php\/wp-json\/wp\/v2\/types\/page"}],"author":[{"embeddable":true,"href":"https:\/\/www.amiciterzomondo.com\/index.php\/wp-json\/wp\/v2\/users\/1"}],"replies":[{"embeddable":true,"href":"https:\/\/www.amiciterzomondo.com\/index.php\/wp-json\/wp\/v2\/comments?post=5672697"}],"version-history":[{"count":3,"href":"https:\/\/www.amiciterzomondo.com\/index.php\/wp-json\/wp\/v2\/pages\/5672697\/revisions"}],"predecessor-version":[{"id":5672703,"href":"https:\/\/www.amiciterzomondo.com\/index.php\/wp-json\/wp\/v2\/pages\/5672697\/revisions\/5672703"}],"wp:attachment":[{"href":"https:\/\/www.amiciterzomondo.com\/index.php\/wp-json\/wp\/v2\/media?parent=5672697"}],"curies":[{"name":"wp","href":"https:\/\/api.w.org\/{rel}","templated":true}]}}

Calendario della Solidarietà 2025

<section class="wpb-content-wrapper">[vc_row][vc_column]<div class="norebro-heading-sc heading text-left"
	id="norebro-custom-69f7448e5dbd1" 
	 
	>
	
	
	
	<h3 class="title">
		Calendario della Solidarietà 2025	</h3>

	
			<p class="subtitle">
					</p>
		
</div>[vc_empty_space height=&#8221;60px&#8221;][/vc_column][/vc_row][vc_row][vc_column width=&#8221;1/4&#8243;][vc_empty_space height=&#8221;10px&#8221;][vc_single_image image=&#8221;5672700&#8243; img_size=&#8221;full&#8221; onclick=&#8221;custom_link&#8221; link=&#8221;/wp-content/uploads/sites/7/2024/11/Calendario2025.pdf&#8221;][vc_empty_space height=&#8221;10px&#8221;][vc_single_image image=&#8221;5672699&#8243; img_size=&#8221;full&#8221; onclick=&#8221;custom_link&#8221; link=&#8221;/wp-content/uploads/sites/7/2024/11/Calendario2025.pdf&#8221;]<div class="norebro-button-sc btn-wrap text-center" 
	id="norebro-custom-69f7448e5dcc2"
	 
	>

	<a href="/wp-content/uploads/sites/7/2024/11/Calendario2025.pdf" 
		class="btn  btn-link btn-large">

		
		<span class="text">
			Calendario PDF | Clicca qui		</span>

		
					<span class="icon-arrow ion-ios-arrow-thin-right"></span>
			</a>

</div>[/vc_column][vc_column width=&#8221;3/4&#8243;][vc_column_text]Cari amici</p>
<p>nel 2024 avete donato un totale di 45.000 franchi. Grazie a una sovvenzione di 10.000 franchi da parte dell’Ente per lo Sviluppo del Liechtenstein (LED) di un “sistema di irrigazione intelligente” a Bafang, in Camerun, abbiamo potuto distribuire 55.000 franchi. Grazie mille per il vostro grande sostegno! “Costruiamo insieme il futuro del mondo”.</p>
<p>Il Calendario della Solidarietà 2025 è un omaggio alle donne. Quando sentiamo notizie di guerre, povertà, difficoltà e miseria, spesso sono le donne e i bambini a essere più colpiti. Contro ogni previsione, le donne lavorano per un futuro migliore, tengono insieme la società e permettono ai bambini di sognare un mondo migliore.</p>
<p>Le foto scattate dal nostro membro del direttivo Dan Romeo ai volti di giovani ragazze e donne anziane raccontano la storia delle loro vite.</p>
<p>Come negli anni precedenti, con il Calendario della solidarietà 2025 raccogliamo donazioni per programmi umanitari per un mondo condiviso. Insieme ai nostri partner locali, sosteniamo progetti che aiutano le popolazioni delle regioni svantaggiate del mondo. La nostra associazione Amici Terzo Mondo è oramai riconosciuta come organizzazione benefica.</p>
<p>Le donazioni a partire da 100 franchi svizzeri sono ora deducibili dalle tasse.<br />
Il ricavato della raccolta del calendario 2025 sarà destinato ai seguenti programmi:</p>
<ul>
<li>Programma di adozione per Leyte, Filippine</li>
<li>Ristrutturazione di una mensa per anziani nella diocesi di Beira, Mozambico</li>
<li>Contributo per 170 persone senza fissa dimora assistite in un centro diurno nella diocesi di Emdibir, Etiopia</li>
<li>Sostegno a progetti sociali nella diocesi di Abomey, Benin</li>
<li>Due macine per il villaggio di Batack, Camerun</li>
<li>Sostegno a una scuola privata in Benin</li>
<li>Centro educativo per ragazze in Togo</li>
</ul>
<p>A nome di don Egidio Todeschini, iniziatore dell’Associazione Amici Terzo Mondo e dei miei colleghi del Consiglio direttivo, desidero ringraziarvi per il vostro generoso sostegno e augurarvi un felice e sano 2025.</p>
<p>Karl-Anton Wohlwend Presidente dell’Associazione Amici Terzo Mondo[/vc_column_text][vc_column_text]<strong>Informazioni per effettuare delle donazioni</strong></p>
<p>Puoi sostenere i nostri progetti e le nostre attività con una tua donazione sul conto bancario</p>
<p><strong>IBAN LI90 0880 0565 6348 8200 1</strong><br />
Liechtensteinische Landesbank AG<br />
9490 Vaduz &#8211; Liechtenstein[/vc_column_text][/vc_column][/vc_row]
</section>
