{"id":5672678,"date":"2023-09-30T08:26:33","date_gmt":"2023-09-30T08:26:33","guid":{"rendered":"https:\/\/www.amiciterzomondo.com\/?page_id=5672678"},"modified":"2023-09-30T08:31:40","modified_gmt":"2023-09-30T08:31:40","slug":"kalender-der-solidaritaet-2024","status":"publish","type":"page","link":"https:\/\/www.amiciterzomondo.com\/index.php\/de\/kalender-der-solidaritaet-2024\/","title":{"rendered":"Kalender der Solidarit\u00e4t 2024"},"content":{"rendered":"<section class=\"wpb-content-wrapper\">[vc_row][vc_column]<div class=\"norebro-heading-sc heading text-left\"\n\tid=\"norebro-custom-69f752b67eae5\" \n\t \n\t>\n\t\n\t\n\t\n\t<h3 class=\"title\">\n\t\tKalender der Solidarit\u00e4t 2024\t<\/h3>\n\n\t\n\t\t\t<p class=\"subtitle\">\n\t\t\t\t\t<\/p>\n\t\t\n<\/div>[vc_empty_space height=&#8221;60px&#8221;][\/vc_column][\/vc_row][vc_row][vc_column width=&#8221;1\/4&#8243;][vc_empty_space height=&#8221;10px&#8221;][vc_single_image image=&#8221;5672687&#8243; img_size=&#8221;full&#8221; onclick=&#8221;custom_link&#8221; link=&#8221;http:\/\/www.amiciterzomondo.com\/wp-content\/uploads\/sites\/7\/2023\/09\/CalendarioTodeschini2024.pdf&#8221;]<div class=\"norebro-button-sc btn-wrap text-center\" \n\tid=\"norebro-custom-69f752b67ece5\"\n\t \n\t>\n\n\t<a href=\"http:\/\/www.amiciterzomondo.com\/wp-content\/uploads\/sites\/7\/2023\/09\/CalendarioTodeschini2024.pdf\" \n\t\tclass=\"btn  btn-link btn-large\">\n\n\t\t\n\t\t<span class=\"text\">\n\t\t\tKalender PDF | Klick hier\t\t<\/span>\n\n\t\t\n\t\t\t\t\t<span class=\"icon-arrow ion-ios-arrow-thin-right\"><\/span>\n\t\t\t<\/a>\n\n<\/div>[\/vc_column][vc_column width=&#8221;3\/4&#8243;][vc_column_text]\n<p class=\"p1\">Liebe Freunde<br \/>\nFu\u0308r den Vorstand war es vor einem Jahr eine grosse Freude zusammen mit Don Egidio Todeschini den ersten Vereinskalender fu\u0308r das Kalenderjahr 2023 zu gestalten. Dabei konnten insgesamt 38\u2018000 CHF gesammelt und fu\u0308r Projekte in der Dritten Welt eingesetzt werden. Dazu verweise ich Sie gerne auf die Jahresrechnung am Schluss dieses Kalenders. Im Juni 2023 wurde unser Verein Amici Terzo Mondo im Verein \u00abNetzwerk fu\u0308r Entwicklungszusammenarbeit e.V.\u00bb als Mitglied aufgenommen.<\/p>\n<p class=\"p1\">In diesem Verein vernetzen wir uns mit anderen Vereinen, die sich fu\u0308r die Entwicklungszusammenarbeit einsetzen. Im Kalender 2024 entfu\u0308hrt uns Don Egidio Todeschini als Fotograf in wunderbare Landschaften unserer Mutter Erde. Bei der Betrachtung dieser Sch\u00f6nheiten kommen mir auch die sch\u00f6nen Landschaften in der Schweiz und in Liechtenstein in den Sinn: Berge, Seen, W\u00e4lder, Felder, Flu\u0308sse, gepflegte Ortschaften und damit einhergehend der Gedanke, wie gut es uns geht und wie glu\u0308cklich wir sind in einem sicheren Land zu leben. Anderen Menschen auf unserer Welt geht es nicht so gut. Das wird uns in den t\u00e4glichen Medien immer wieder in Erinnerung gerufen.<\/p>\n<p class=\"p1\">Deshalb setzen wir vom Verein \u00abAmici Terzo Mondo\u00bb uns fu\u0308r Menschen auf dieser Welt ein, denen es nicht so gut geht. Der Erl\u00f6s aus den Spenden des Kalenders 2024 kommt folgenden Projekte Zugute:<\/p>\n<ul>\n<li class=\"p1\">Adoptionsprogramm (Leyte, Philippinen)<\/li>\n<li class=\"p1\">Renovation des Daches einer alten Ambulanz, die zuku\u0308nftig als Mensa fu\u0308r \u00e4ltere Menschen und Zentrum fu\u0308r Mu\u0308tter mit unterern\u00e4hrten Kindern dienen soll (Di\u00f6zese Beira, Mosambique)<\/li>\n<li class=\"p1\">Beitrag fu\u0308r 170 Obdachlose, die in einem Tageszentrum betreut werden (Emdibir, \u00c4thiopien)<\/li>\n<li class=\"p1\">Bau einer Unterkunft fu\u0308r Lehrer in einem Arbeits- und Ausbildungszentrum Di\u00f6zese Abomey (Benin)<\/li>\n<li class=\"p1\">Unterstu\u0308tzung Strassenschule in der Di\u00f6zese Abomey (Benin)<\/li>\n<li class=\"p1\">Ausbildung von pal\u00e4stinensischen Flu\u0308chtlingsfrauen zu K\u00f6chen in einem Flu\u0308chtlingslager in Libanon, damit sie sich selber den Lebensunterhalt verdienen k\u00f6nnen. (Beirut, Libanon)<\/li>\n<li class=\"p1\">Landwirtschaftsprojekt zur Erarbeitung eines \u00abintelligenten\u00bb Bew\u00e4sserungssystems in Zusammenarbeit von Di\u00f6zese und Universit\u00e4t von Bafang (Bafang, Kamerun)<\/li>\n<\/ul>\n<p class=\"p1\">Im Namen von Don Egidio Todeschini, Initiator des Vereins Amici Terzo Mondo, und meiner Vorstandskollegen danke ich Ihnen fu\u0308r Ihre grosszu\u0308gige Unterstu\u0308tzung und wu\u0308nschen Ihnen ein gutes und gesundes 2024.<\/p>\n<p class=\"p1\">Karl Anton Wohlwend<br \/>\nPr\u00e4sident des Vereins<br \/>\n\u00abAmici Terzo Mondo &#8211; Freunde Dritte Welt \u2013 Amis Tiers Monde\u00bb<\/p>\n[\/vc_column_text][vc_column_text]<strong>Du kannst unsere Projekte und Aktivit\u00e4ten mit deiner Spende \u00fcber folgendes Bankkonto unterst\u00fctzen<\/strong><\/p>\n<p><strong>IBAN LI90 0880 0565 6348 8200 1<\/strong><br \/>\nLiechtensteinische Landesbank AG<br \/>\n9490 Vaduz \u2013 Liechtenstein[\/vc_column_text][\/vc_column][\/vc_row]\n<\/section>","protected":false},"excerpt":{"rendered":"<p>[vc_row][vc_column][vc_empty_space height=&#8221;60px&#8221;][\/vc_column][\/vc_row][vc_row][vc_column width=&#8221;1\/4&#8243;][vc_empty_space height=&#8221;10px&#8221;][vc_single_image image=&#8221;5672687&#8243; img_size=&#8221;full&#8221; onclick=&#8221;custom_link&#8221; link=&#8221;http:\/\/www.amiciterzomondo.com\/wp-content\/uploads\/sites\/7\/2023\/09\/CalendarioTodeschini2024.pdf&#8221;][\/vc_column][vc_column width=&#8221;3\/4&#8243;][vc_column_text] Liebe Freunde Fu\u0308r den Vorstand&#8230;<\/p>\n","protected":false},"author":1,"featured_media":0,"parent":0,"menu_order":0,"comment_status":"closed","ping_status":"closed","template":"","meta":{"footnotes":""},"class_list":["post-5672678","page","type-page","status-publish","hentry"],"_links":{"self":[{"href":"https:\/\/www.amiciterzomondo.com\/index.php\/wp-json\/wp\/v2\/pages\/5672678","targetHints":{"allow":["GET"]}}],"collection":[{"href":"https:\/\/www.amiciterzomondo.com\/index.php\/wp-json\/wp\/v2\/pages"}],"about":[{"href":"https:\/\/www.amiciterzomondo.com\/index.php\/wp-json\/wp\/v2\/types\/page"}],"author":[{"embeddable":true,"href":"https:\/\/www.amiciterzomondo.com\/index.php\/wp-json\/wp\/v2\/users\/1"}],"replies":[{"embeddable":true,"href":"https:\/\/www.amiciterzomondo.com\/index.php\/wp-json\/wp\/v2\/comments?post=5672678"}],"version-history":[{"count":4,"href":"https:\/\/www.amiciterzomondo.com\/index.php\/wp-json\/wp\/v2\/pages\/5672678\/revisions"}],"predecessor-version":[{"id":5672693,"href":"https:\/\/www.amiciterzomondo.com\/index.php\/wp-json\/wp\/v2\/pages\/5672678\/revisions\/5672693"}],"wp:attachment":[{"href":"https:\/\/www.amiciterzomondo.com\/index.php\/wp-json\/wp\/v2\/media?parent=5672678"}],"curies":[{"name":"wp","href":"https:\/\/api.w.org\/{rel}","templated":true}]}}

Kalender der Solidarität 2024

<section class="wpb-content-wrapper">[vc_row][vc_column]<div class="norebro-heading-sc heading text-left"
	id="norebro-custom-69f752b67eae5" 
	 
	>
	
	
	
	<h3 class="title">
		Kalender der Solidarität 2024	</h3>

	
			<p class="subtitle">
					</p>
		
</div>[vc_empty_space height=&#8221;60px&#8221;][/vc_column][/vc_row][vc_row][vc_column width=&#8221;1/4&#8243;][vc_empty_space height=&#8221;10px&#8221;][vc_single_image image=&#8221;5672687&#8243; img_size=&#8221;full&#8221; onclick=&#8221;custom_link&#8221; link=&#8221;http://www.amiciterzomondo.com/wp-content/uploads/sites/7/2023/09/CalendarioTodeschini2024.pdf&#8221;]<div class="norebro-button-sc btn-wrap text-center" 
	id="norebro-custom-69f752b67ece5"
	 
	>

	<a href="http://www.amiciterzomondo.com/wp-content/uploads/sites/7/2023/09/CalendarioTodeschini2024.pdf" 
		class="btn  btn-link btn-large">

		
		<span class="text">
			Kalender PDF | Klick hier		</span>

		
					<span class="icon-arrow ion-ios-arrow-thin-right"></span>
			</a>

</div>[/vc_column][vc_column width=&#8221;3/4&#8243;][vc_column_text]
<p class="p1">Liebe Freunde<br />
Für den Vorstand war es vor einem Jahr eine grosse Freude zusammen mit Don Egidio Todeschini den ersten Vereinskalender für das Kalenderjahr 2023 zu gestalten. Dabei konnten insgesamt 38‘000 CHF gesammelt und für Projekte in der Dritten Welt eingesetzt werden. Dazu verweise ich Sie gerne auf die Jahresrechnung am Schluss dieses Kalenders. Im Juni 2023 wurde unser Verein Amici Terzo Mondo im Verein «Netzwerk für Entwicklungszusammenarbeit e.V.» als Mitglied aufgenommen.</p>
<p class="p1">In diesem Verein vernetzen wir uns mit anderen Vereinen, die sich für die Entwicklungszusammenarbeit einsetzen. Im Kalender 2024 entführt uns Don Egidio Todeschini als Fotograf in wunderbare Landschaften unserer Mutter Erde. Bei der Betrachtung dieser Schönheiten kommen mir auch die schönen Landschaften in der Schweiz und in Liechtenstein in den Sinn: Berge, Seen, Wälder, Felder, Flüsse, gepflegte Ortschaften und damit einhergehend der Gedanke, wie gut es uns geht und wie glücklich wir sind in einem sicheren Land zu leben. Anderen Menschen auf unserer Welt geht es nicht so gut. Das wird uns in den täglichen Medien immer wieder in Erinnerung gerufen.</p>
<p class="p1">Deshalb setzen wir vom Verein «Amici Terzo Mondo» uns für Menschen auf dieser Welt ein, denen es nicht so gut geht. Der Erlös aus den Spenden des Kalenders 2024 kommt folgenden Projekte Zugute:</p>
<ul>
<li class="p1">Adoptionsprogramm (Leyte, Philippinen)</li>
<li class="p1">Renovation des Daches einer alten Ambulanz, die zukünftig als Mensa für ältere Menschen und Zentrum für Mütter mit unterernährten Kindern dienen soll (Diözese Beira, Mosambique)</li>
<li class="p1">Beitrag für 170 Obdachlose, die in einem Tageszentrum betreut werden (Emdibir, Äthiopien)</li>
<li class="p1">Bau einer Unterkunft für Lehrer in einem Arbeits- und Ausbildungszentrum Diözese Abomey (Benin)</li>
<li class="p1">Unterstützung Strassenschule in der Diözese Abomey (Benin)</li>
<li class="p1">Ausbildung von palästinensischen Flüchtlingsfrauen zu Köchen in einem Flüchtlingslager in Libanon, damit sie sich selber den Lebensunterhalt verdienen können. (Beirut, Libanon)</li>
<li class="p1">Landwirtschaftsprojekt zur Erarbeitung eines «intelligenten» Bewässerungssystems in Zusammenarbeit von Diözese und Universität von Bafang (Bafang, Kamerun)</li>
</ul>
<p class="p1">Im Namen von Don Egidio Todeschini, Initiator des Vereins Amici Terzo Mondo, und meiner Vorstandskollegen danke ich Ihnen für Ihre grosszügige Unterstützung und wünschen Ihnen ein gutes und gesundes 2024.</p>
<p class="p1">Karl Anton Wohlwend<br />
Präsident des Vereins<br />
«Amici Terzo Mondo &#8211; Freunde Dritte Welt – Amis Tiers Monde»</p>
[/vc_column_text][vc_column_text]<strong>Du kannst unsere Projekte und Aktivitäten mit deiner Spende über folgendes Bankkonto unterstützen</strong></p>
<p><strong>IBAN LI90 0880 0565 6348 8200 1</strong><br />
Liechtensteinische Landesbank AG<br />
9490 Vaduz – Liechtenstein[/vc_column_text][/vc_column][/vc_row]
</section>
