{"id":5672394,"date":"2022-11-20T15:22:38","date_gmt":"2022-11-20T15:22:38","guid":{"rendered":"https:\/\/www.amiciterzomondo.com\/?page_id=5672394"},"modified":"2023-09-25T19:13:21","modified_gmt":"2023-09-25T19:13:21","slug":"kalender-der-solidaritaet","status":"publish","type":"page","link":"https:\/\/www.amiciterzomondo.com\/index.php\/de\/kalender-der-solidaritaet\/","title":{"rendered":"Kalender der Solidarit\u00e4t 2023"},"content":{"rendered":"<section class=\"wpb-content-wrapper\">[vc_row][vc_column]<div class=\"norebro-heading-sc heading text-left\"\n\tid=\"norebro-custom-69f752b7dc38a\" \n\t \n\t>\n\t\n\t\n\t\n\t<h3 class=\"title\">\n\t\tKalender der Solidarit\u00e4t 2023\t<\/h3>\n\n\t\n\t\t\t<p class=\"subtitle\">\n\t\t\t\t\t<\/p>\n\t\t\n<\/div>[vc_empty_space height=&#8221;60px&#8221;][\/vc_column][\/vc_row][vc_row][vc_column width=&#8221;1\/4&#8243;][vc_single_image image=&#8221;5672383&#8243; img_size=&#8221;full&#8221; onclick=&#8221;custom_link&#8221; link=&#8221;http:\/\/www.amiciterzomondo.com\/wp-content\/uploads\/sites\/7\/2022\/11\/CalendarioTodeschini2023.pdf&#8221;]<div class=\"norebro-button-sc btn-wrap text-center\" \n\tid=\"norebro-custom-69f752b7dc47f\"\n\t \n\t>\n\n\t<a href=\"http:\/\/www.amiciterzomondo.com\/wp-content\/uploads\/sites\/7\/2022\/11\/CalendarioTodeschini2023.pdf\" \n\t\tclass=\"btn  btn-link btn-large\">\n\n\t\t\n\t\t<span class=\"text\">\n\t\t\tKalender PDF | Klick hier\t\t<\/span>\n\n\t\t\n\t\t\t\t\t<span class=\"icon-arrow ion-ios-arrow-thin-right\"><\/span>\n\t\t\t<\/a>\n\n<\/div>[\/vc_column][vc_column width=&#8221;3\/4&#8243;][vc_column_text]\n<p class=\"p1\">Liebe Freunde, nach vielen Jahren grossen Engagements bei der Herstellung des Solidarit\u00e4ts-kalenders hat Don Egidio Todeschini die Initiative ergriffen und den Verein<\/p>\n<p class=\"p1\">\u00abFreunde Dritte Welt\u00bb ins Leben gerufen, der die Idee des Solidarit\u00e4tskalenders und die Unterstu\u0308tzung von wertvollen Projekten weiterfu\u0308hren soll.<\/p>\n<p class=\"p1\">Heute halten Sie den 21. Solidarit\u00e4tskalender und den ersten Kalender des Vereins \u00abFreunde Dritte Welt\u00bb in den H\u00e4nden. Mit gleichen Geist vergangenen Jahre, der viele grosszu\u0308gige Spenden erhalten hat (siehe Abrechnung Einnahmen und Ausgaben), stellen wir Ihnen diesen Kalender vor, der Sie im 2023 begleiten soll.<\/p>\n<p class=\"p1\">Fu\u0308r diese Ausgabe haben wir einige Schnappschu\u0308sse von Dan Romeo, Fotograf und Gru\u0308ndungsmitglied unseres Vereins, zum Thema \u201edie Jahreszeiten des Lebens\u201c ausgew\u00e4hlt: Kinder, Jugendliche, Mu\u0308tter und \u00e4ltere Menschen. Die Blicke dieser Menschen beru\u0308hren das Herz, sie sprechen von Freude und Hoffnung, aber auch von Fragen und Unsicherheiten.<\/p>\n<p class=\"p1\">Heute, mit einem verst\u00e4rkten Fokus auf den Klimawandel und den Schrecken des Krieges in der Ukraine, ist die Situation der Menschen und Kinder der Dritten Welt in den Hintergrund getreten, w\u00e4hrend Inflation und Mangel an Nahrungsmitteln die Not und den Hunger der Bev\u00f6lkerung erh\u00f6ht haben. Daher brauchen diese Menschen mehr als in den Vorjahren unsere Unterstu\u0308tzung.<\/p>\n<p class=\"p1\">In diesem Jahr wollen wir mit dem Erl\u00f6s aus dem Kalender und mit Ihren Spenden folgende Projekte unterstu\u0308tzen:<\/p>\n<p class=\"p1\">\u25cf Adoption von 25 Kindern aus Dagami (Leyte, Philippinen)<\/p>\n<p class=\"p1\">\u25cf Sozialwerke der Di\u00f6zese Emdibir (\u00c4thiopien)<\/p>\n<p class=\"p1\">\u25cf Soziale Werke der Di\u00f6zese Beira (Mosambik)<\/p>\n<p class=\"p1\">\u25cf Soziale Werke der Di\u00f6zese Abomey (Benin)<\/p>\n<p class=\"p1\">\u25cf Gehalt von zwei Lehrern (Gizo, Salomonen)<\/p>\n<p class=\"p1\">\u25cf Unterstu\u0308tzung fu\u0308r arme Studierende (Senegal + Ecuador)<\/p>\n<p class=\"p1\">\u25cf Schule und Waisenhaus Nova Vida (Sap\u00e9, Brasilien)<\/p>\n<p class=\"p1\">So wollen wir einigen der vielen Kinder der Welt helfen, Ihnen Hoffnung u\u0308bermitteln und ihnen Mut spenden. \u00abWas ihr dem geringsten meiner Bru\u0308der getan habt, das habt ihr mir getan\u00bb (Mt 25,40). Was wir tun, wird nur ein Tropfen in der Wu\u0308ste sein, aber ist jene Wu\u0308ste, die wir alle miteinander bew\u00e4ssern wollen, damit es fruchtbare Erde fu\u0308r ein wu\u0308rdigeres Leben werde. Ist es nicht die Summe der Tropfen, die einen Ozean bilden? Mutter Teresa von Kalkutta pflegte zu sagen: \u00abWir wissen, was wir tun, ist nur ein Tropfen im Meer. G\u00e4be es diesen Tropfen nicht, wu\u0308rde das Meer kleiner sein\u00bb.<\/p>\n<p class=\"p1\">Mit dieser Publikation wird es fu\u0308r alle leichter, auf Weihnachten hin, ein gutes Werk zu tun. Wir danken Ihnen fu\u0308r Ihre grosszu\u0308gige Unterstu\u0308tzung und wu\u0308nschen Ihnen ein gutes Neues Jahr.<\/p>\n<p class=\"p1\">Karl Anton Wohlwend<br \/>\nPr\u00e4sident des Vereins<br \/>\n\u00abAmici Terzo Mondo &#8211; Freunde Dritte Welt \u2013 Amis Tiers Monde\u00bb<\/p>\n[\/vc_column_text][vc_column_text]<strong>Du kannst unsere Projekte und Aktivit\u00e4ten mit deiner Spende \u00fcber folgendes Bankkonto unterst\u00fctzen<\/strong><\/p>\n<p><strong>IBAN LI90 0880 0565 6348 8200 1<\/strong><br \/>\nLiechtensteinische Landesbank AG<br \/>\n9490 Vaduz \u2013 Liechtenstein[\/vc_column_text][\/vc_column][\/vc_row]\n<\/section>","protected":false},"excerpt":{"rendered":"<p>[vc_row][vc_column][vc_empty_space height=&#8221;60px&#8221;][\/vc_column][\/vc_row][vc_row][vc_column width=&#8221;1\/4&#8243;][vc_single_image image=&#8221;5672383&#8243; img_size=&#8221;full&#8221; onclick=&#8221;custom_link&#8221; link=&#8221;http:\/\/www.amiciterzomondo.com\/wp-content\/uploads\/sites\/7\/2022\/11\/CalendarioTodeschini2023.pdf&#8221;][\/vc_column][vc_column width=&#8221;3\/4&#8243;][vc_column_text] Liebe Freunde, nach vielen Jahren grossen&#8230;<\/p>\n","protected":false},"author":1,"featured_media":0,"parent":0,"menu_order":0,"comment_status":"closed","ping_status":"closed","template":"","meta":{"footnotes":""},"class_list":["post-5672394","page","type-page","status-publish","hentry"],"_links":{"self":[{"href":"https:\/\/www.amiciterzomondo.com\/index.php\/wp-json\/wp\/v2\/pages\/5672394","targetHints":{"allow":["GET"]}}],"collection":[{"href":"https:\/\/www.amiciterzomondo.com\/index.php\/wp-json\/wp\/v2\/pages"}],"about":[{"href":"https:\/\/www.amiciterzomondo.com\/index.php\/wp-json\/wp\/v2\/types\/page"}],"author":[{"embeddable":true,"href":"https:\/\/www.amiciterzomondo.com\/index.php\/wp-json\/wp\/v2\/users\/1"}],"replies":[{"embeddable":true,"href":"https:\/\/www.amiciterzomondo.com\/index.php\/wp-json\/wp\/v2\/comments?post=5672394"}],"version-history":[{"count":6,"href":"https:\/\/www.amiciterzomondo.com\/index.php\/wp-json\/wp\/v2\/pages\/5672394\/revisions"}],"predecessor-version":[{"id":5672680,"href":"https:\/\/www.amiciterzomondo.com\/index.php\/wp-json\/wp\/v2\/pages\/5672394\/revisions\/5672680"}],"wp:attachment":[{"href":"https:\/\/www.amiciterzomondo.com\/index.php\/wp-json\/wp\/v2\/media?parent=5672394"}],"curies":[{"name":"wp","href":"https:\/\/api.w.org\/{rel}","templated":true}]}}

Kalender der Solidarität 2023

<section class="wpb-content-wrapper">[vc_row][vc_column]<div class="norebro-heading-sc heading text-left"
	id="norebro-custom-69f752b7dc38a" 
	 
	>
	
	
	
	<h3 class="title">
		Kalender der Solidarität 2023	</h3>

	
			<p class="subtitle">
					</p>
		
</div>[vc_empty_space height=&#8221;60px&#8221;][/vc_column][/vc_row][vc_row][vc_column width=&#8221;1/4&#8243;][vc_single_image image=&#8221;5672383&#8243; img_size=&#8221;full&#8221; onclick=&#8221;custom_link&#8221; link=&#8221;http://www.amiciterzomondo.com/wp-content/uploads/sites/7/2022/11/CalendarioTodeschini2023.pdf&#8221;]<div class="norebro-button-sc btn-wrap text-center" 
	id="norebro-custom-69f752b7dc47f"
	 
	>

	<a href="http://www.amiciterzomondo.com/wp-content/uploads/sites/7/2022/11/CalendarioTodeschini2023.pdf" 
		class="btn  btn-link btn-large">

		
		<span class="text">
			Kalender PDF | Klick hier		</span>

		
					<span class="icon-arrow ion-ios-arrow-thin-right"></span>
			</a>

</div>[/vc_column][vc_column width=&#8221;3/4&#8243;][vc_column_text]
<p class="p1">Liebe Freunde, nach vielen Jahren grossen Engagements bei der Herstellung des Solidaritäts-kalenders hat Don Egidio Todeschini die Initiative ergriffen und den Verein</p>
<p class="p1">«Freunde Dritte Welt» ins Leben gerufen, der die Idee des Solidaritätskalenders und die Unterstützung von wertvollen Projekten weiterführen soll.</p>
<p class="p1">Heute halten Sie den 21. Solidaritätskalender und den ersten Kalender des Vereins «Freunde Dritte Welt» in den Händen. Mit gleichen Geist vergangenen Jahre, der viele grosszügige Spenden erhalten hat (siehe Abrechnung Einnahmen und Ausgaben), stellen wir Ihnen diesen Kalender vor, der Sie im 2023 begleiten soll.</p>
<p class="p1">Für diese Ausgabe haben wir einige Schnappschüsse von Dan Romeo, Fotograf und Gründungsmitglied unseres Vereins, zum Thema „die Jahreszeiten des Lebens“ ausgewählt: Kinder, Jugendliche, Mütter und ältere Menschen. Die Blicke dieser Menschen berühren das Herz, sie sprechen von Freude und Hoffnung, aber auch von Fragen und Unsicherheiten.</p>
<p class="p1">Heute, mit einem verstärkten Fokus auf den Klimawandel und den Schrecken des Krieges in der Ukraine, ist die Situation der Menschen und Kinder der Dritten Welt in den Hintergrund getreten, während Inflation und Mangel an Nahrungsmitteln die Not und den Hunger der Bevölkerung erhöht haben. Daher brauchen diese Menschen mehr als in den Vorjahren unsere Unterstützung.</p>
<p class="p1">In diesem Jahr wollen wir mit dem Erlös aus dem Kalender und mit Ihren Spenden folgende Projekte unterstützen:</p>
<p class="p1">● Adoption von 25 Kindern aus Dagami (Leyte, Philippinen)</p>
<p class="p1">● Sozialwerke der Diözese Emdibir (Äthiopien)</p>
<p class="p1">● Soziale Werke der Diözese Beira (Mosambik)</p>
<p class="p1">● Soziale Werke der Diözese Abomey (Benin)</p>
<p class="p1">● Gehalt von zwei Lehrern (Gizo, Salomonen)</p>
<p class="p1">● Unterstützung für arme Studierende (Senegal + Ecuador)</p>
<p class="p1">● Schule und Waisenhaus Nova Vida (Sapé, Brasilien)</p>
<p class="p1">So wollen wir einigen der vielen Kinder der Welt helfen, Ihnen Hoffnung übermitteln und ihnen Mut spenden. «Was ihr dem geringsten meiner Brüder getan habt, das habt ihr mir getan» (Mt 25,40). Was wir tun, wird nur ein Tropfen in der Wüste sein, aber ist jene Wüste, die wir alle miteinander bewässern wollen, damit es fruchtbare Erde für ein würdigeres Leben werde. Ist es nicht die Summe der Tropfen, die einen Ozean bilden? Mutter Teresa von Kalkutta pflegte zu sagen: «Wir wissen, was wir tun, ist nur ein Tropfen im Meer. Gäbe es diesen Tropfen nicht, würde das Meer kleiner sein».</p>
<p class="p1">Mit dieser Publikation wird es für alle leichter, auf Weihnachten hin, ein gutes Werk zu tun. Wir danken Ihnen für Ihre grosszügige Unterstützung und wünschen Ihnen ein gutes Neues Jahr.</p>
<p class="p1">Karl Anton Wohlwend<br />
Präsident des Vereins<br />
«Amici Terzo Mondo &#8211; Freunde Dritte Welt – Amis Tiers Monde»</p>
[/vc_column_text][vc_column_text]<strong>Du kannst unsere Projekte und Aktivitäten mit deiner Spende über folgendes Bankkonto unterstützen</strong></p>
<p><strong>IBAN LI90 0880 0565 6348 8200 1</strong><br />
Liechtensteinische Landesbank AG<br />
9490 Vaduz – Liechtenstein[/vc_column_text][/vc_column][/vc_row]
</section>
