{"id":5672380,"date":"2022-11-20T15:05:08","date_gmt":"2022-11-20T15:05:08","guid":{"rendered":"https:\/\/www.amiciterzomondo.com\/?page_id=5672380"},"modified":"2023-09-25T19:10:21","modified_gmt":"2023-09-25T19:10:21","slug":"calendario-della-solidarieta","status":"publish","type":"page","link":"https:\/\/www.amiciterzomondo.com\/index.php\/calendario-della-solidarieta\/","title":{"rendered":"Calendario della Solidariet\u00e0 2023"},"content":{"rendered":"<section class=\"wpb-content-wrapper\">[vc_row][vc_column]<div class=\"norebro-heading-sc heading text-left\"\n\tid=\"norebro-custom-69f7449304c5d\" \n\t \n\t>\n\t\n\t\n\t\n\t<h3 class=\"title\">\n\t\tCalendario della Solidariet\u00e0 2023\t<\/h3>\n\n\t\n\t\t\t<p class=\"subtitle\">\n\t\t\t\t\t<\/p>\n\t\t\n<\/div>[vc_empty_space height=&#8221;60px&#8221;][\/vc_column][\/vc_row][vc_row][vc_column width=&#8221;1\/4&#8243;][vc_single_image image=&#8221;5672383&#8243; img_size=&#8221;full&#8221; onclick=&#8221;custom_link&#8221; link=&#8221;http:\/\/www.amiciterzomondo.com\/wp-content\/uploads\/sites\/7\/2022\/11\/CalendarioTodeschini2023.pdf&#8221;]<div class=\"norebro-button-sc btn-wrap text-center\" \n\tid=\"norebro-custom-69f7449304d59\"\n\t \n\t>\n\n\t<a href=\"http:\/\/www.amiciterzomondo.com\/wp-content\/uploads\/sites\/7\/2022\/11\/CalendarioTodeschini2023.pdf\" \n\t\tclass=\"btn  btn-link btn-large\">\n\n\t\t\n\t\t<span class=\"text\">\n\t\t\tCalendario PDF | Clicca qui\t\t<\/span>\n\n\t\t\n\t\t\t\t\t<span class=\"icon-arrow ion-ios-arrow-thin-right\"><\/span>\n\t\t\t<\/a>\n\n<\/div>[\/vc_column][vc_column width=&#8221;3\/4&#8243;][vc_column_text]\n<p class=\"p1\">Cari amici, dopo diversi anni di grande impegno nella realizzazione del Calendario della Solidariet\u00e0, don Egidio Todeschini ha preso l\u2019iniziativa di creare l\u2019associazione \u201cAmici Terzo Mondo\u201d per continuare la pubblicazione del calendario e il sostegno di alcuni progetti umanitari nei Paesi poveri.<\/p>\n<p class=\"p1\">Oggi avete tra le vostre mani il 21\u00b0 Calendario della Solidariet\u00e0 e il primo della associazione \u201cAmici Terzo Mondo\u201d. Con lo stesso spirito degli anni passati, che ha riscosso generosi consensi (vedi il resoconto di entrate ed uscite) abbiamo il piacere di presentare questo vademecum che vi accompagner\u00e0 per tutto il 2023.<\/p>\n<p class=\"p1\">Per questa edizione abbiamo scelto alcune istantanee di Dan Romeo, fotografo e membro fondatore della nostra Associazione, sul tema \u201cle stagioni della vita\u201d: bambini, giovani, mamme e anziani. Gli sguardi di queste persone toccano il cuore, parlano di gioia e di speranza, ma anche di domande e di incertezze.<\/p>\n<p class=\"p1\">Oggi con una maggiore attenzione verso i cambiamenti climatici e con l\u2019orrore della guerra in Ucraina, la situazione delle persone e dei bambini del Terzo Mondo \u00e8 passata in secondo piano mentre l\u2019inflazione e la mancanza di cibo hanno aumentato il bisogno e la fame delle popolazioni. Pertanto pi\u00f9 che negli anni precedenti queste persone hanno bisogno del nostro sostegno.<\/p>\n<p class=\"p1\">Quest\u2019anno con il ricavato del calendario e con le vostre donazioni, vogliamo sostenere i seguenti progetti:<\/p>\n<p class=\"p1\">\u25cf adozione di 25 bambini di Dagami (Leyte,Filippine)<\/p>\n<p class=\"p1\">\u25cf opere sociali della diocesi di Emdibir (Etiopia)<\/p>\n<p class=\"p1\">\u25cf opere sociali della diocesi di Beira (Mozambico)<\/p>\n<p class=\"p1\">\u25cf Opere sociali della diocesi di Abomey (Benin)<\/p>\n<p class=\"p1\">\u25cf salario di 2 insegnanti (Gizo, Isole Solomone)<\/p>\n<p class=\"p1\">\u25cf sostegno per studenti poveri (Senegal + Ecuador)<\/p>\n<p class=\"p1\">\u25cf scuola e orfanatrofio Nova Vida (Sap\u00e9, Brasile)<\/p>\n<p class=\"p1\">Cos\u00ec vogliamo aiutare alcuni dei tanti bambini del mondo per trasmettere loro speranza e dare coraggio.<\/p>\n<p class=\"p1\">\u201cOgni volta che avete fatto questo al pi\u00f9 piccolo dei miei fratelli l\u2019avete fatto a me\u201d (Mt 25,40).<\/p>\n<p class=\"p1\">La nostra \u00e8 solo una goccia nel deserto, ma \u00e8 questo deserto che noi vogliamo irrigare perch\u00e9 diventi terra fertile per una vita pi\u00f9 dignitosa. Non \u00e8 forse la somma delle gocce d\u2019acqua che fanno gli oceani?<\/p>\n<p>Madre Teresa di Calcutta diceva: \u201cSe la vostra goccia non raggiungesse l\u2019oceano, lui ne sentirebbe la mancanza\u201d.<\/p>\n<p class=\"p1\">Con questa pubblicazione confidiamo di proporre a tutti una buona azione natalizia. Vi ringraziamo in anticipo per il vostro generoso sostegno, con l\u2019augurio di un felice anno insieme.<\/p>\n<p class=\"p1\">Karl Anton Wohlwend<br \/>\nPresidente della associazione<br \/>\n\u201cAmici Terzo Mondo &#8211; Freunde Dritte Welt &#8211; Amis Tiers Monde\u00bb<\/p>\n[\/vc_column_text][vc_column_text]<strong>Informazioni per effettuare delle donazioni<\/strong><\/p>\n<p>Puoi sostenere i nostri progetti e le nostre attivit\u00e0 con una tua donazione sul conto bancario<\/p>\n<p><strong>IBAN LI90 0880 0565 6348 8200 1<\/strong><br \/>\nLiechtensteinische Landesbank AG<br \/>\n9490 Vaduz &#8211; Liechtenstein[\/vc_column_text][\/vc_column][\/vc_row]\n<\/section>","protected":false},"excerpt":{"rendered":"<p>[vc_row][vc_column][vc_empty_space height=&#8221;60px&#8221;][\/vc_column][\/vc_row][vc_row][vc_column width=&#8221;1\/4&#8243;][vc_single_image image=&#8221;5672383&#8243; img_size=&#8221;full&#8221; onclick=&#8221;custom_link&#8221; link=&#8221;http:\/\/www.amiciterzomondo.com\/wp-content\/uploads\/sites\/7\/2022\/11\/CalendarioTodeschini2023.pdf&#8221;][\/vc_column][vc_column width=&#8221;3\/4&#8243;][vc_column_text] Cari amici, dopo diversi anni di&#8230;<\/p>\n","protected":false},"author":1,"featured_media":0,"parent":0,"menu_order":0,"comment_status":"closed","ping_status":"closed","template":"","meta":{"footnotes":""},"class_list":["post-5672380","page","type-page","status-publish","hentry"],"_links":{"self":[{"href":"https:\/\/www.amiciterzomondo.com\/index.php\/wp-json\/wp\/v2\/pages\/5672380","targetHints":{"allow":["GET"]}}],"collection":[{"href":"https:\/\/www.amiciterzomondo.com\/index.php\/wp-json\/wp\/v2\/pages"}],"about":[{"href":"https:\/\/www.amiciterzomondo.com\/index.php\/wp-json\/wp\/v2\/types\/page"}],"author":[{"embeddable":true,"href":"https:\/\/www.amiciterzomondo.com\/index.php\/wp-json\/wp\/v2\/users\/1"}],"replies":[{"embeddable":true,"href":"https:\/\/www.amiciterzomondo.com\/index.php\/wp-json\/wp\/v2\/comments?post=5672380"}],"version-history":[{"count":13,"href":"https:\/\/www.amiciterzomondo.com\/index.php\/wp-json\/wp\/v2\/pages\/5672380\/revisions"}],"predecessor-version":[{"id":5672677,"href":"https:\/\/www.amiciterzomondo.com\/index.php\/wp-json\/wp\/v2\/pages\/5672380\/revisions\/5672677"}],"wp:attachment":[{"href":"https:\/\/www.amiciterzomondo.com\/index.php\/wp-json\/wp\/v2\/media?parent=5672380"}],"curies":[{"name":"wp","href":"https:\/\/api.w.org\/{rel}","templated":true}]}}

Calendario della Solidarietà 2023

<section class="wpb-content-wrapper">[vc_row][vc_column]<div class="norebro-heading-sc heading text-left"
	id="norebro-custom-69f7449304c5d" 
	 
	>
	
	
	
	<h3 class="title">
		Calendario della Solidarietà 2023	</h3>

	
			<p class="subtitle">
					</p>
		
</div>[vc_empty_space height=&#8221;60px&#8221;][/vc_column][/vc_row][vc_row][vc_column width=&#8221;1/4&#8243;][vc_single_image image=&#8221;5672383&#8243; img_size=&#8221;full&#8221; onclick=&#8221;custom_link&#8221; link=&#8221;http://www.amiciterzomondo.com/wp-content/uploads/sites/7/2022/11/CalendarioTodeschini2023.pdf&#8221;]<div class="norebro-button-sc btn-wrap text-center" 
	id="norebro-custom-69f7449304d59"
	 
	>

	<a href="http://www.amiciterzomondo.com/wp-content/uploads/sites/7/2022/11/CalendarioTodeschini2023.pdf" 
		class="btn  btn-link btn-large">

		
		<span class="text">
			Calendario PDF | Clicca qui		</span>

		
					<span class="icon-arrow ion-ios-arrow-thin-right"></span>
			</a>

</div>[/vc_column][vc_column width=&#8221;3/4&#8243;][vc_column_text]
<p class="p1">Cari amici, dopo diversi anni di grande impegno nella realizzazione del Calendario della Solidarietà, don Egidio Todeschini ha preso l’iniziativa di creare l’associazione “Amici Terzo Mondo” per continuare la pubblicazione del calendario e il sostegno di alcuni progetti umanitari nei Paesi poveri.</p>
<p class="p1">Oggi avete tra le vostre mani il 21° Calendario della Solidarietà e il primo della associazione “Amici Terzo Mondo”. Con lo stesso spirito degli anni passati, che ha riscosso generosi consensi (vedi il resoconto di entrate ed uscite) abbiamo il piacere di presentare questo vademecum che vi accompagnerà per tutto il 2023.</p>
<p class="p1">Per questa edizione abbiamo scelto alcune istantanee di Dan Romeo, fotografo e membro fondatore della nostra Associazione, sul tema “le stagioni della vita”: bambini, giovani, mamme e anziani. Gli sguardi di queste persone toccano il cuore, parlano di gioia e di speranza, ma anche di domande e di incertezze.</p>
<p class="p1">Oggi con una maggiore attenzione verso i cambiamenti climatici e con l’orrore della guerra in Ucraina, la situazione delle persone e dei bambini del Terzo Mondo è passata in secondo piano mentre l’inflazione e la mancanza di cibo hanno aumentato il bisogno e la fame delle popolazioni. Pertanto più che negli anni precedenti queste persone hanno bisogno del nostro sostegno.</p>
<p class="p1">Quest’anno con il ricavato del calendario e con le vostre donazioni, vogliamo sostenere i seguenti progetti:</p>
<p class="p1">● adozione di 25 bambini di Dagami (Leyte,Filippine)</p>
<p class="p1">● opere sociali della diocesi di Emdibir (Etiopia)</p>
<p class="p1">● opere sociali della diocesi di Beira (Mozambico)</p>
<p class="p1">● Opere sociali della diocesi di Abomey (Benin)</p>
<p class="p1">● salario di 2 insegnanti (Gizo, Isole Solomone)</p>
<p class="p1">● sostegno per studenti poveri (Senegal + Ecuador)</p>
<p class="p1">● scuola e orfanatrofio Nova Vida (Sapé, Brasile)</p>
<p class="p1">Così vogliamo aiutare alcuni dei tanti bambini del mondo per trasmettere loro speranza e dare coraggio.</p>
<p class="p1">“Ogni volta che avete fatto questo al più piccolo dei miei fratelli l’avete fatto a me” (Mt 25,40).</p>
<p class="p1">La nostra è solo una goccia nel deserto, ma è questo deserto che noi vogliamo irrigare perché diventi terra fertile per una vita più dignitosa. Non è forse la somma delle gocce d’acqua che fanno gli oceani?</p>
<p>Madre Teresa di Calcutta diceva: “Se la vostra goccia non raggiungesse l’oceano, lui ne sentirebbe la mancanza”.</p>
<p class="p1">Con questa pubblicazione confidiamo di proporre a tutti una buona azione natalizia. Vi ringraziamo in anticipo per il vostro generoso sostegno, con l’augurio di un felice anno insieme.</p>
<p class="p1">Karl Anton Wohlwend<br />
Presidente della associazione<br />
“Amici Terzo Mondo &#8211; Freunde Dritte Welt &#8211; Amis Tiers Monde»</p>
[/vc_column_text][vc_column_text]<strong>Informazioni per effettuare delle donazioni</strong></p>
<p>Puoi sostenere i nostri progetti e le nostre attività con una tua donazione sul conto bancario</p>
<p><strong>IBAN LI90 0880 0565 6348 8200 1</strong><br />
Liechtensteinische Landesbank AG<br />
9490 Vaduz &#8211; Liechtenstein[/vc_column_text][/vc_column][/vc_row]
</section>
