{"id":5672346,"date":"2022-11-19T06:10:21","date_gmt":"2022-11-19T06:10:21","guid":{"rendered":"https:\/\/www.amiciterzomondo.com\/?page_id=5672346"},"modified":"2023-04-05T06:59:06","modified_gmt":"2023-04-05T06:59:06","slug":"der-vorstand","status":"publish","type":"page","link":"https:\/\/www.amiciterzomondo.com\/index.php\/de\/der-vorstand\/","title":{"rendered":"Der Vorstand"},"content":{"rendered":"<section class=\"wpb-content-wrapper\">[vc_row][vc_column]<div class=\"norebro-heading-sc heading text-left\"\n\tid=\"norebro-custom-69f751b6a7644\" \n\t \n\t>\n\t\n\t\n\t\n\t<h3 class=\"title\">\n\t\tDer Vorstand\t<\/h3>\n\n\t\n\t\t\t<p class=\"subtitle\">\n\t\t\t\t\t<\/p>\n\t\t\n<\/div>[\/vc_column][\/vc_row][vc_row][vc_column][vc_single_image image=&#8221;5672608&#8243; img_size=&#8221;large&#8221;][\/vc_column][\/vc_row][vc_row][vc_column width=&#8221;1\/5&#8243;]<div class=\"norebro-team-member-sc team-member\"\n\tid=\"norebro-custom-69f751b6a7749\"\n\t\t>\n\n\t<div class=\"image-wrap\">\n\t\t\t\t<div class=\"overlay\">\n\t\t\t<div class=\"content-center\">\n\t\t\t\t<div class=\"wrap\">\n\t\t\t\t\t\t\t\t\t\t<div class=\"socialbar small default\">\n\t\t\t\t\t\t\t\t\t\t\t\t\t\t\t\t\t\t\t\t\t\t\t\t\t\t\t\t\t\t\t\t\t\t\t\t\t\t\t\t\t\t\t\t\t\t\t\t\t\t\t\t\t\t\t\t\t\t\t<\/div>\n\n\t\t\t\t\t\t\t\t\t<\/div>\n\t\t\t<\/div>\n\t\t<\/div>\n\t<\/div>\n\n\t<h3 class=\"title\">Don Egidio Todeschini<\/h3>\n\t<p class=\"subtitle small uppercase\">Vizepr\u00e4sident<\/p>\n\t\t\t<p class=\"description\">Egidio Todeschini, geboren in Berbenno (Bergamo), seit 1973 Missionar f\u00fcr Auswanderer in der Schweiz, zun\u00e4chst in der franz\u00f6sischen Schweiz und sp\u00e4ter von 1998 bis 2021 in Schaan (Liechtenstein).<br \/>\nEr ist Journalist und hat mehrere Fotob\u00fccher ver\u00f6ffentlicht (www.donegidio.com). Seit 2022 ist er nationaler Koordinator der italienischsprachigen katholischen Missionen in der Schweiz und Liechtenstein. (Links)<\/p>\n\t\n<\/div>\n[\/vc_column][vc_column width=&#8221;1\/5&#8243;]<div class=\"norebro-team-member-sc team-member\"\n\tid=\"norebro-custom-69f751b6a7826\"\n\t\t>\n\n\t<div class=\"image-wrap\">\n\t\t\t\t<div class=\"overlay\">\n\t\t\t<div class=\"content-center\">\n\t\t\t\t<div class=\"wrap\">\n\t\t\t\t\t\t\t\t\t\t<div class=\"socialbar small default\">\n\t\t\t\t\t\t\t\t\t\t\t\t\t\t\t\t\t\t\t\t\t\t\t\t\t\t\t\t\t\t\t\t\t\t\t\t\t\t\t\t\t\t\t\t\t\t\t\t\t\t\t\t\t\t\t\t\t\t\t<\/div>\n\n\t\t\t\t\t\t\t\t\t<\/div>\n\t\t\t<\/div>\n\t\t<\/div>\n\t<\/div>\n\n\t<h3 class=\"title\">Dan Romeo<\/h3>\n\t<p class=\"subtitle small uppercase\">Beisitzer<\/p>\n\t\t\t<p class=\"description\">Dan Romeo ist ein humanit\u00e4rer Fotograf, der mit internationalen NGOs zusammenarbeitet, f\u00fcr die er Reportagen in zahlreichen L\u00e4ndern realisiert hat (www.ngo.photography). Als Innovationsexperte hat er f\u00fcr mehrere multinationale Unternehmen im ICT-Bereich gearbeitet und sich auf ``ICT f\u00fcr Entwicklung und Social Good``, soziale Auswirkungen und soziale Innovation f\u00fcr die Durchf\u00fchrung von internationalen Kooperationsprojekten in Entwicklungsl\u00e4ndern spezialisiert. (Links stehend)<\/p>\n\t\n<\/div>\n[\/vc_column][vc_column width=&#8221;1\/5&#8243;]<div class=\"norebro-team-member-sc team-member\"\n\tid=\"norebro-custom-69f751b6a78d1\"\n\t\t>\n\n\t<div class=\"image-wrap\">\n\t\t\t\t<div class=\"overlay\">\n\t\t\t<div class=\"content-center\">\n\t\t\t\t<div class=\"wrap\">\n\t\t\t\t\t\t\t\t\t\t<div class=\"socialbar small default\">\n\t\t\t\t\t\t\t\t\t\t\t\t\t\t\t\t\t\t\t\t\t\t\t\t\t\t\t\t\t\t\t\t\t\t\t\t\t\t\t\t\t\t\t\t\t\t\t\t\t\t\t\t\t\t\t\t\t\t\t<\/div>\n\n\t\t\t\t\t\t\t\t\t<\/div>\n\t\t\t<\/div>\n\t\t<\/div>\n\t<\/div>\n\n\t<h3 class=\"title\">Karl-Anton Wohlwend<\/h3>\n\t<p class=\"subtitle small uppercase\">Pr\u00e4sident<\/p>\n\t\t\t<p class=\"description\">Karl Anton Wohlwend ist in Schaan\/FL aufgewachsen. Er war von 2019-2022 Nationaldirektor von migratio, Dienststelle der Schweizer Bischofskonferenz, die verantwortlich ist f\u00fcr die Seelsorge von Menschen anderer Sprache. Heute f\u00fchrt er sein eigenes Beratungsb\u00fcro in Schaan (www.kompass.li). (In der Mitte)<\/p>\n\t\n<\/div>\n[\/vc_column][vc_column width=&#8221;1\/5&#8243;]<div class=\"norebro-team-member-sc team-member\"\n\tid=\"norebro-custom-69f751b6a7973\"\n\t\t>\n\n\t<div class=\"image-wrap\">\n\t\t\t\t<div class=\"overlay\">\n\t\t\t<div class=\"content-center\">\n\t\t\t\t<div class=\"wrap\">\n\t\t\t\t\t\t\t\t\t\t<div class=\"socialbar small default\">\n\t\t\t\t\t\t\t\t\t\t\t\t\t\t\t\t\t\t\t\t\t\t\t\t\t\t\t\t\t\t\t\t\t\t\t\t\t\t\t\t\t\t\t\t\t\t\t\t\t\t\t\t\t\t\t\t\t\t\t<\/div>\n\n\t\t\t\t\t\t\t\t\t<\/div>\n\t\t\t<\/div>\n\t\t<\/div>\n\t<\/div>\n\n\t<h3 class=\"title\">Giuseppe Battaglia<\/h3>\n\t<p class=\"subtitle small uppercase\">Beisitzer<\/p>\n\t\t\t<p class=\"description\">Giuseppe Battaglia wanderte 1968 von Kalabrien nach Liechtenstein aus und lebt heute in Gamprin (Liechtenstein). Er ist Gr\u00fcnder und Pr\u00e4sident des Chors ``Tanto pe' cant\u00e0`` und Mitglied des Pastoralrats der italienischen katholischen Mission in Schaan. (Rechts stehend)<\/p>\n\t\n<\/div>\n[\/vc_column][vc_column width=&#8221;1\/5&#8243;]<div class=\"norebro-team-member-sc team-member\"\n\tid=\"norebro-custom-69f751b6a7a1f\"\n\t\t>\n\n\t<div class=\"image-wrap\">\n\t\t\t\t<div class=\"overlay\">\n\t\t\t<div class=\"content-center\">\n\t\t\t\t<div class=\"wrap\">\n\t\t\t\t\t\t\t\t\t\t<div class=\"socialbar small default\">\n\t\t\t\t\t\t\t\t\t\t\t\t\t\t\t\t\t\t\t\t\t\t\t\t\t\t\t\t\t\t\t\t\t\t\t\t\t\t\t\t\t\t\t\t\t\t\t\t\t\t\t\t\t\t\t\t\t\t\t<\/div>\n\n\t\t\t\t\t\t\t\t\t<\/div>\n\t\t\t<\/div>\n\t\t<\/div>\n\t<\/div>\n\n\t<h3 class=\"title\">Cesare De Sanctis<\/h3>\n\t<p class=\"subtitle small uppercase\">Kassier<\/p>\n\t\t\t<p class=\"description\">Cesare De Sanctis, geboren in Grabs (Schweiz), Sohn von Italienern, die in die Schweiz ausgewandert sind, Architekt und Gesch\u00e4ftsf\u00fchrer mit B\u00fcros in der Schweiz und in Liechtenstein.<br \/>\nIn der Vergangenheit Pr\u00e4sident verschiedener italienischer Vereine wie FC Azzurri Schaan, Circolo Culturale Italiano und Mitarbeiter der italienischen katholischen Mission in Schaan seit 1980 in verschiedenen Funktionen. (Rechts)<\/p>\n\t\n<\/div>\n[\/vc_column][\/vc_row]\n<\/section>","protected":false},"excerpt":{"rendered":"<p>[vc_row][vc_column][\/vc_column][\/vc_row][vc_row][vc_column][vc_single_image image=&#8221;5672608&#8243; img_size=&#8221;large&#8221;][\/vc_column][\/vc_row][vc_row][vc_column width=&#8221;1\/5&#8243;][\/vc_column][vc_column width=&#8221;1\/5&#8243;][\/vc_column][vc_column width=&#8221;1\/5&#8243;][\/vc_column][vc_column width=&#8221;1\/5&#8243;][\/vc_column][vc_column width=&#8221;1\/5&#8243;][\/vc_column][\/vc_row]<\/p>\n","protected":false},"author":1,"featured_media":0,"parent":0,"menu_order":0,"comment_status":"closed","ping_status":"closed","template":"","meta":{"footnotes":""},"class_list":["post-5672346","page","type-page","status-publish","hentry"],"_links":{"self":[{"href":"https:\/\/www.amiciterzomondo.com\/index.php\/wp-json\/wp\/v2\/pages\/5672346","targetHints":{"allow":["GET"]}}],"collection":[{"href":"https:\/\/www.amiciterzomondo.com\/index.php\/wp-json\/wp\/v2\/pages"}],"about":[{"href":"https:\/\/www.amiciterzomondo.com\/index.php\/wp-json\/wp\/v2\/types\/page"}],"author":[{"embeddable":true,"href":"https:\/\/www.amiciterzomondo.com\/index.php\/wp-json\/wp\/v2\/users\/1"}],"replies":[{"embeddable":true,"href":"https:\/\/www.amiciterzomondo.com\/index.php\/wp-json\/wp\/v2\/comments?post=5672346"}],"version-history":[{"count":14,"href":"https:\/\/www.amiciterzomondo.com\/index.php\/wp-json\/wp\/v2\/pages\/5672346\/revisions"}],"predecessor-version":[{"id":5672615,"href":"https:\/\/www.amiciterzomondo.com\/index.php\/wp-json\/wp\/v2\/pages\/5672346\/revisions\/5672615"}],"wp:attachment":[{"href":"https:\/\/www.amiciterzomondo.com\/index.php\/wp-json\/wp\/v2\/media?parent=5672346"}],"curies":[{"name":"wp","href":"https:\/\/api.w.org\/{rel}","templated":true}]}}

<section class="wpb-content-wrapper">[vc_row][vc_column]<div class="norebro-heading-sc heading text-left"
	id="norebro-custom-69f751b6a7644" 
	 
	>
	
	
	
	<h3 class="title">
		Der Vorstand	</h3>

	
			<p class="subtitle">
					</p>
		
</div>[/vc_column][/vc_row][vc_row][vc_column][vc_single_image image=&#8221;5672608&#8243; img_size=&#8221;large&#8221;][/vc_column][/vc_row][vc_row][vc_column width=&#8221;1/5&#8243;]<div class="norebro-team-member-sc team-member"
	id="norebro-custom-69f751b6a7749"
		>

	<div class="image-wrap">
				<div class="overlay">
			<div class="content-center">
				<div class="wrap">
										<div class="socialbar small default">
																																																											</div>

									</div>
			</div>
		</div>
	</div>

	<h3 class="title">Don Egidio Todeschini</h3>
	<p class="subtitle small uppercase">Vizepräsident</p>
			<p class="description">Egidio Todeschini, geboren in Berbenno (Bergamo), seit 1973 Missionar für Auswanderer in der Schweiz, zunächst in der französischen Schweiz und später von 1998 bis 2021 in Schaan (Liechtenstein).<br />
Er ist Journalist und hat mehrere Fotobücher veröffentlicht (www.donegidio.com). Seit 2022 ist er nationaler Koordinator der italienischsprachigen katholischen Missionen in der Schweiz und Liechtenstein. (Links)</p>
	
</div>
[/vc_column][vc_column width=&#8221;1/5&#8243;]<div class="norebro-team-member-sc team-member"
	id="norebro-custom-69f751b6a7826"
		>

	<div class="image-wrap">
				<div class="overlay">
			<div class="content-center">
				<div class="wrap">
										<div class="socialbar small default">
																																																											</div>

									</div>
			</div>
		</div>
	</div>

	<h3 class="title">Dan Romeo</h3>
	<p class="subtitle small uppercase">Beisitzer</p>
			<p class="description">Dan Romeo ist ein humanitärer Fotograf, der mit internationalen NGOs zusammenarbeitet, für die er Reportagen in zahlreichen Ländern realisiert hat (www.ngo.photography). Als Innovationsexperte hat er für mehrere multinationale Unternehmen im ICT-Bereich gearbeitet und sich auf ``ICT für Entwicklung und Social Good``, soziale Auswirkungen und soziale Innovation für die Durchführung von internationalen Kooperationsprojekten in Entwicklungsländern spezialisiert. (Links stehend)</p>
	
</div>
[/vc_column][vc_column width=&#8221;1/5&#8243;]<div class="norebro-team-member-sc team-member"
	id="norebro-custom-69f751b6a78d1"
		>

	<div class="image-wrap">
				<div class="overlay">
			<div class="content-center">
				<div class="wrap">
										<div class="socialbar small default">
																																																											</div>

									</div>
			</div>
		</div>
	</div>

	<h3 class="title">Karl-Anton Wohlwend</h3>
	<p class="subtitle small uppercase">Präsident</p>
			<p class="description">Karl Anton Wohlwend ist in Schaan/FL aufgewachsen. Er war von 2019-2022 Nationaldirektor von migratio, Dienststelle der Schweizer Bischofskonferenz, die verantwortlich ist für die Seelsorge von Menschen anderer Sprache. Heute führt er sein eigenes Beratungsbüro in Schaan (www.kompass.li). (In der Mitte)</p>
	
</div>
[/vc_column][vc_column width=&#8221;1/5&#8243;]<div class="norebro-team-member-sc team-member"
	id="norebro-custom-69f751b6a7973"
		>

	<div class="image-wrap">
				<div class="overlay">
			<div class="content-center">
				<div class="wrap">
										<div class="socialbar small default">
																																																											</div>

									</div>
			</div>
		</div>
	</div>

	<h3 class="title">Giuseppe Battaglia</h3>
	<p class="subtitle small uppercase">Beisitzer</p>
			<p class="description">Giuseppe Battaglia wanderte 1968 von Kalabrien nach Liechtenstein aus und lebt heute in Gamprin (Liechtenstein). Er ist Gründer und Präsident des Chors ``Tanto pe' cantà`` und Mitglied des Pastoralrats der italienischen katholischen Mission in Schaan. (Rechts stehend)</p>
	
</div>
[/vc_column][vc_column width=&#8221;1/5&#8243;]<div class="norebro-team-member-sc team-member"
	id="norebro-custom-69f751b6a7a1f"
		>

	<div class="image-wrap">
				<div class="overlay">
			<div class="content-center">
				<div class="wrap">
										<div class="socialbar small default">
																																																											</div>

									</div>
			</div>
		</div>
	</div>

	<h3 class="title">Cesare De Sanctis</h3>
	<p class="subtitle small uppercase">Kassier</p>
			<p class="description">Cesare De Sanctis, geboren in Grabs (Schweiz), Sohn von Italienern, die in die Schweiz ausgewandert sind, Architekt und Geschäftsführer mit Büros in der Schweiz und in Liechtenstein.<br />
In der Vergangenheit Präsident verschiedener italienischer Vereine wie FC Azzurri Schaan, Circolo Culturale Italiano und Mitarbeiter der italienischen katholischen Mission in Schaan seit 1980 in verschiedenen Funktionen. (Rechts)</p>
	
</div>
[/vc_column][/vc_row]
</section>
